{"id":29,"date":"2021-06-16T13:47:37","date_gmt":"2021-06-16T11:47:37","guid":{"rendered":"http:\/\/mawex.opti-net.pl\/?page_id=29"},"modified":"2021-06-16T15:02:13","modified_gmt":"2021-06-16T13:02:13","slug":"lokalizacja","status":"publish","type":"page","link":"http:\/\/mawex.pl\/index.php\/lokalizacja\/","title":{"rendered":"LOKALIZACJA"},"content":{"rendered":"<div id=\"pl-29\"  class=\"panel-layout\" ><div id=\"pg-29-0\"  class=\"panel-grid panel-no-style\" ><div id=\"pgc-29-0-0\"  class=\"panel-grid-cell\" ><div id=\"panel-29-0-0-0\" class=\"so-panel widget widget_sow-editor panel-first-child panel-last-child\" data-index=\"0\" ><div\n\t\t\t\n\t\t\tclass=\"so-widget-sow-editor so-widget-sow-editor-base\"\n\t\t\t\n\t\t>\n<div class=\"siteorigin-widget-tinymce textwidget\">\n\t<p><img loading=\"lazy\" decoding=\"async\" class=\"size-full wp-image-15 alignright\" src=\"http:\/\/mawex.opti-net.pl\/wp-content\/uploads\/2021\/06\/mapa.jpg\" alt=\"\" width=\"370\" height=\"206\" srcset=\"http:\/\/mawex.pl\/wp-content\/uploads\/2021\/06\/mapa.jpg 370w, http:\/\/mawex.pl\/wp-content\/uploads\/2021\/06\/mapa-300x167.jpg 300w\" sizes=\"auto, (max-width: 370px) 100vw, 370px\" \/>Nieruchomo\u015b\u0107 nasza jest doskonale po\u0142o\u017cona przy skrzy\u017cowaniu ulic \u0142\u0105cz\u0105cych centrum miasta z najwi\u0119kszymi w Opolu osiedlami mieszkaniowymi: im. Armii Krajowej oraz Malinka gdzie mieszka oko\u0142o 45 000 mieszka\u0144c\u00f3w. W bezpo\u015brednim s\u0105siedztwie znajduj\u0105 si\u0119 hipermarkety takie jak: Real, Media-Markt, Castorama oraz Tesco.<\/p>\n<\/div>\n<\/div><\/div><\/div><\/div><div id=\"pg-29-1\"  class=\"panel-grid panel-no-style\" ><div id=\"pgc-29-1-0\"  class=\"panel-grid-cell\" ><div id=\"panel-29-1-0-0\" class=\"so-panel widget widget_sow-editor panel-first-child panel-last-child\" data-index=\"1\" ><div\n\t\t\t\n\t\t\tclass=\"so-widget-sow-editor so-widget-sow-editor-base\"\n\t\t\t\n\t\t>\n<div class=\"siteorigin-widget-tinymce textwidget\">\n\t<div class=\"ju-post-inner\">\n<div class=\"ju-postcontent\">\n<div class=\"ju-article\">\n<p><img loading=\"lazy\" decoding=\"async\" class=\" wp-image-9 alignleft\" src=\"http:\/\/mawex.opti-net.pl\/wp-content\/uploads\/2021\/06\/header2.jpg\" alt=\"\" width=\"556\" height=\"126\" srcset=\"http:\/\/mawex.pl\/wp-content\/uploads\/2021\/06\/header2.jpg 970w, http:\/\/mawex.pl\/wp-content\/uploads\/2021\/06\/header2-300x68.jpg 300w, http:\/\/mawex.pl\/wp-content\/uploads\/2021\/06\/header2-768x174.jpg 768w, http:\/\/mawex.pl\/wp-content\/uploads\/2021\/06\/header2-960x220.jpg 960w\" sizes=\"auto, (max-width: 556px) 100vw, 556px\" \/>Obecnie w naszym obiekcie tworzone jest <strong>OPOLSKIE CENTRUM HANDLOWO - US\u0141UGOWE<\/strong>\u00a0B\u0119dzie to pierwsze i najwi\u0119ksze w Opolu tego typu centrum w reprezentacyjnym obiekcie i ruchliwym punkcie miasta.<\/p>\n<p>Nasi obecni d\u0142ugoletni Najemcy to min.<strong>: <\/strong>T.U Allianz, T.U HDI, T.U InterRisk, Metlife, Future Processing, Open Finance, Getin Leasing, Agencja Rynku Rolnego, Provident, Wa\u0142brzyska Specialna Strefa Ekonomiczna INVEST-PARK, Rust, Meble Nolte, Selene i in.<\/p>\n<\/div>\n<\/div>\n<div class=\"cleared\"><\/div>\n<\/div>\n<div class=\"cleared\"><\/div>\n<\/div>\n<\/div><\/div><\/div><\/div><div id=\"pg-29-2\"  class=\"panel-grid panel-no-style\" ><div id=\"pgc-29-2-0\"  class=\"panel-grid-cell\" ><div id=\"panel-29-2-0-0\" class=\"so-panel widget widget_sow-editor panel-first-child panel-last-child\" data-index=\"2\" ><div\n\t\t\t\n\t\t\tclass=\"so-widget-sow-editor so-widget-sow-editor-base\"\n\t\t\t\n\t\t>\n<div class=\"siteorigin-widget-tinymce textwidget\">\n\t<div class='white' style='background:#fafafa; border:solid 1px #f0f0f0; border-radius:1px; padding:1px 1px 1px 1px;'>\n<div id='sample_slider' class='owl-carousel sa_owl_theme ' data-slider-id='sample_slider' style='visibility:hidden;'>\n<div id='sample_slider_slide05' class='sa_hover_container sa_vert_center_wrap' style='padding:1% 1%; margin:0px 0%; background-color:rgba(0, 0, 0, 0); '><div class='sa_vert_center'><p><img loading=\"lazy\" decoding=\"async\" class=\"alignnone size-full wp-image-92\" src=\"http:\/\/mawex.pl\/wp-content\/uploads\/2021\/06\/l4.png\" alt=\"\" width=\"200\" height=\"70\" \/><\/p><\/div><\/div>\n<div id='sample_slider_slide09' class='sa_hover_container sa_vert_center_wrap' style='padding:1% 1%; margin:0px 0%; '><div class='sa_vert_center'><p><img loading=\"lazy\" decoding=\"async\" class=\"alignnone size-full wp-image-96\" src=\"http:\/\/mawex.pl\/wp-content\/uploads\/2021\/06\/l8.png\" alt=\"\" width=\"200\" height=\"70\" \/><\/p><\/div><\/div>\n<div id='sample_slider_slide06' class='sa_hover_container sa_vert_center_wrap' style='padding:1% 1%; margin:0px 0%; background-color:rgba(0, 0, 0, 0); '><div class='sa_vert_center'><p><img loading=\"lazy\" decoding=\"async\" class=\"alignnone size-full wp-image-94\" src=\"http:\/\/mawex.pl\/wp-content\/uploads\/2021\/06\/l6.png\" alt=\"\" width=\"200\" height=\"70\" \/><\/p><\/div><\/div>\n<div id='sample_slider_slide02' class='sa_hover_container sa_vert_center_wrap' style='padding:1% 1%; margin:0px 0%; background-color:rgba(0, 0, 0, 0); '><div class='sa_vert_center'><p><img loading=\"lazy\" decoding=\"async\" class=\"alignnone size-full wp-image-91\" src=\"http:\/\/mawex.pl\/wp-content\/uploads\/2021\/06\/l3.png\" alt=\"\" width=\"200\" height=\"70\" \/><\/p><\/div><\/div>\n<div id='sample_slider_slide01' class='sa_hover_container sa_vert_center_wrap' style='padding:1% 1%; margin:0px 0%; background-color:rgba(0, 0, 0, 0); '><div class='sa_vert_center'><p><img loading=\"lazy\" decoding=\"async\" class=\"alignnone size-full wp-image-89\" src=\"http:\/\/mawex.pl\/wp-content\/uploads\/2021\/06\/l1.png\" alt=\"\" width=\"200\" height=\"70\" \/><\/p><\/div><\/div>\n<div id='sample_slider_slide12' class='sa_hover_container sa_vert_center_wrap' style='padding:1% 1%; margin:0px 0%; '><div class='sa_vert_center'><p><img loading=\"lazy\" decoding=\"async\" class=\"alignnone size-full wp-image-101\" src=\"http:\/\/mawex.pl\/wp-content\/uploads\/2021\/06\/l13.png\" alt=\"\" width=\"200\" height=\"70\" \/><\/p><\/div><\/div>\n<div id='sample_slider_slide07' class='sa_hover_container sa_vert_center_wrap' style='padding:1% 1%; margin:0px 0%; background-color:rgba(0, 0, 0, 0); '><div class='sa_vert_center'><p><img loading=\"lazy\" decoding=\"async\" class=\"alignnone size-full wp-image-95\" src=\"http:\/\/mawex.pl\/wp-content\/uploads\/2021\/06\/l7.png\" alt=\"\" width=\"200\" height=\"70\" \/><\/p><\/div><\/div>\n<div id='sample_slider_slide15' class='sa_hover_container sa_vert_center_wrap' style='padding:1% 1%; margin:0px 0%; '><div class='sa_vert_center'><p><img loading=\"lazy\" decoding=\"async\" class=\"alignnone size-full wp-image-102\" src=\"http:\/\/mawex.pl\/wp-content\/uploads\/2021\/06\/l14.png\" alt=\"\" width=\"200\" height=\"70\" \/><\/p><\/div><\/div>\n<div id='sample_slider_slide08' class='sa_hover_container sa_vert_center_wrap' style='padding:1% 1%; margin:0px 0%; background-color:rgba(0, 0, 0, 0); '><div class='sa_vert_center'><p><img loading=\"lazy\" decoding=\"async\" class=\"alignnone size-full wp-image-97\" src=\"http:\/\/mawex.pl\/wp-content\/uploads\/2021\/06\/l9.png\" alt=\"\" width=\"200\" height=\"70\" \/><\/p><\/div><\/div>\n<div id='sample_slider_slide04' class='sa_hover_container sa_vert_center_wrap' style='padding:1% 1%; margin:0px 0%; background-color:rgba(0, 0, 0, 0); '><div class='sa_vert_center'><p><img loading=\"lazy\" decoding=\"async\" class=\"alignnone size-full wp-image-93\" src=\"http:\/\/mawex.pl\/wp-content\/uploads\/2021\/06\/l5.png\" alt=\"\" width=\"200\" height=\"70\" \/><\/p><\/div><\/div>\n<div id='sample_slider_slide03' class='sa_hover_container sa_vert_center_wrap' style='padding:1% 1%; margin:0px 0%; background-color:rgba(0, 0, 0, 0); '><div class='sa_vert_center'><p><img loading=\"lazy\" decoding=\"async\" class=\"alignnone size-full wp-image-90\" src=\"http:\/\/mawex.pl\/wp-content\/uploads\/2021\/06\/l2.png\" alt=\"\" width=\"200\" height=\"70\" \/><\/p><\/div><\/div>\n<div id='sample_slider_slide13' class='sa_hover_container sa_vert_center_wrap' style='padding:1% 1%; margin:0px 0%; '><div class='sa_vert_center'><p><img loading=\"lazy\" decoding=\"async\" class=\"alignnone size-full wp-image-100\" src=\"http:\/\/mawex.pl\/wp-content\/uploads\/2021\/06\/l12.png\" alt=\"\" width=\"200\" height=\"70\" \/><\/p><\/div><\/div>\n<div id='sample_slider_slide11' class='sa_hover_container sa_vert_center_wrap' style='padding:1% 1%; margin:0px 0%; '><div class='sa_vert_center'><p><img loading=\"lazy\" decoding=\"async\" class=\"alignnone size-full wp-image-98\" src=\"http:\/\/mawex.pl\/wp-content\/uploads\/2021\/06\/l10.png\" alt=\"\" width=\"200\" height=\"70\" \/><\/p><\/div><\/div>\n<div id='sample_slider_slide14' class='sa_hover_container sa_vert_center_wrap' style='padding:1% 1%; margin:0px 0%; '><div class='sa_vert_center'><p><img loading=\"lazy\" decoding=\"async\" class=\"alignnone size-full wp-image-103\" src=\"http:\/\/mawex.pl\/wp-content\/uploads\/2021\/06\/l15.png\" alt=\"\" width=\"200\" height=\"70\" \/><\/p><\/div><\/div>\n<div id='sample_slider_slide10' class='sa_hover_container sa_vert_center_wrap' style='padding:1% 1%; margin:0px 0%; '><div class='sa_vert_center'><p><img loading=\"lazy\" decoding=\"async\" class=\"alignnone size-full wp-image-99\" src=\"http:\/\/mawex.pl\/wp-content\/uploads\/2021\/06\/l11.png\" alt=\"\" width=\"200\" height=\"70\" \/><\/p><\/div><\/div>\n<\/div>\n<\/div>\n<script type='text\/javascript'>\n\tjQuery(document).ready(function() {\n\t\tjQuery('#sample_slider').owlCarousel({\n\t\t\tresponsive:{\n\t\t\t\t0:{ items:1 },\n\t\t\t\t480:{ items:2 },\n\t\t\t\t768:{ items:3 },\n\t\t\t\t980:{ items:4 },\n\t\t\t\t1200:{ items:4 },\n\t\t\t\t1500:{ items:4 }\n\t\t\t},\n\t\t\tautoplay : true,\n\t\t\tautoplayTimeout : 500,\n\t\t\tautoplayHoverPause : true,\n\t\t\tsmartSpeed : 200,\n\t\t\tfluidSpeed : 200,\n\t\t\tautoplaySpeed : 200,\n\t\t\tnavSpeed : 200,\n\t\t\tdotsSpeed : 200,\n\t\t\tloop : true,\n\t\t\tnav : false,\n\t\t\tnavText : ['Previous','Next'],\n\t\t\tdots : false,\n\t\t\tresponsiveRefreshRate : 200,\n\t\t\tslideBy : 1,\n\t\t\tmergeFit : true,\n\t\t\tautoHeight : false,\n\t\t\tmouseDrag : false,\n\t\t\ttouchDrag : true\n\t\t});\n\t\tjQuery('#sample_slider').css('visibility', 'visible');\n\t\tsa_resize_sample_slider();\n\t\twindow.addEventListener('resize', sa_resize_sample_slider);\n\t\tfunction sa_resize_sample_slider() {\n\t\t\tvar min_height = '50';\n\t\t\tvar win_width = jQuery(window).width();\n\t\t\tvar slider_width = jQuery('#sample_slider').width();\n\t\t\tif (win_width < 480) {\n\t\t\t\tvar slide_width = slider_width \/ 1;\n\t\t\t} else if (win_width < 768) {\n\t\t\t\tvar slide_width = slider_width \/ 2;\n\t\t\t} else if (win_width < 980) {\n\t\t\t\tvar slide_width = slider_width \/ 3;\n\t\t\t} else if (win_width < 1200) {\n\t\t\t\tvar slide_width = slider_width \/ 4;\n\t\t\t} else if (win_width < 1500) {\n\t\t\t\tvar slide_width = slider_width \/ 4;\n\t\t\t} else {\n\t\t\t\tvar slide_width = slider_width \/ 4;\n\t\t\t}\n\t\t\tslide_width = Math.round(slide_width);\n\t\t\tvar slide_height = '0';\n\t\t\tif (min_height == 'aspect43') {\n\t\t\t\tslide_height = (slide_width \/ 4) * 3;\t\t\t\tslide_height = Math.round(slide_height);\n\t\t\t} else if (min_height == 'aspect169') {\n\t\t\t\tslide_height = (slide_width \/ 16) * 9;\t\t\t\tslide_height = Math.round(slide_height);\n\t\t\t} else {\n\t\t\t\tslide_height = (slide_width \/ 100) * min_height;\t\t\t\tslide_height = Math.round(slide_height);\n\t\t\t}\n\t\t\tjQuery('#sample_slider .owl-item .sa_hover_container').css('min-height', slide_height+'px');\n\t\t}\n\t\tvar owl_goto = jQuery('#sample_slider');\n\t\tjQuery('.sample_slider_goto1').click(function(event){\n\t\t\towl_goto.trigger('to.owl.carousel', 0);\n\t\t});\n\t\tjQuery('.sample_slider_goto2').click(function(event){\n\t\t\towl_goto.trigger('to.owl.carousel', 1);\n\t\t});\n\t\tjQuery('.sample_slider_goto3').click(function(event){\n\t\t\towl_goto.trigger('to.owl.carousel', 2);\n\t\t});\n\t\tjQuery('.sample_slider_goto4').click(function(event){\n\t\t\towl_goto.trigger('to.owl.carousel', 3);\n\t\t});\n\t\tjQuery('.sample_slider_goto5').click(function(event){\n\t\t\towl_goto.trigger('to.owl.carousel', 4);\n\t\t});\n\t\tjQuery('.sample_slider_goto6').click(function(event){\n\t\t\towl_goto.trigger('to.owl.carousel', 5);\n\t\t});\n\t\tjQuery('.sample_slider_goto7').click(function(event){\n\t\t\towl_goto.trigger('to.owl.carousel', 6);\n\t\t});\n\t\tjQuery('.sample_slider_goto8').click(function(event){\n\t\t\towl_goto.trigger('to.owl.carousel', 7);\n\t\t});\n\t\tjQuery('.sample_slider_goto9').click(function(event){\n\t\t\towl_goto.trigger('to.owl.carousel', 8);\n\t\t});\n\t\tjQuery('.sample_slider_goto10').click(function(event){\n\t\t\towl_goto.trigger('to.owl.carousel', 9);\n\t\t});\n\t\tjQuery('.sample_slider_goto11').click(function(event){\n\t\t\towl_goto.trigger('to.owl.carousel', 10);\n\t\t});\n\t\tjQuery('.sample_slider_goto12').click(function(event){\n\t\t\towl_goto.trigger('to.owl.carousel', 11);\n\t\t});\n\t\tjQuery('.sample_slider_goto13').click(function(event){\n\t\t\towl_goto.trigger('to.owl.carousel', 12);\n\t\t});\n\t\tjQuery('.sample_slider_goto14').click(function(event){\n\t\t\towl_goto.trigger('to.owl.carousel', 13);\n\t\t});\n\t\tjQuery('.sample_slider_goto15').click(function(event){\n\t\t\towl_goto.trigger('to.owl.carousel', 14);\n\t\t});\n\t\tvar resize_109 = jQuery('.owl-carousel');\n\t\tresize_109.on('initialized.owl.carousel', function(e) {\n\t\t\tif (typeof(Event) === 'function') {\n\t\t\t\twindow.dispatchEvent(new Event('resize'));\n\t\t\t} else {\n\t\t\t\tvar evt = window.document.createEvent('UIEvents');\n\t\t\t\tevt.initUIEvent('resize', true, false, window, 0);\n\t\t\t\twindow.dispatchEvent(evt);\n\t\t\t}\n\t\t});\n\t});\n<\/script>\n\n<\/div>\n<\/div><\/div><\/div><\/div><\/div>","protected":false},"excerpt":{"rendered":"<p>Nieruchomo\u015b\u0107 nasza jest doskonale po\u0142o\u017cona przy skrzy\u017cowaniu ulic \u0142\u0105cz\u0105cych centrum miasta z najwi\u0119kszymi w Opolu osiedlami mieszkaniowymi: im. Armii Krajowej oraz Malinka gdzie mieszka oko\u0142o 45 000 mieszka\u0144c\u00f3w. W bezpo\u015brednim s\u0105siedztwie znajduj\u0105 si\u0119 hipermarkety takie jak: Real, Media-Markt, Castorama oraz Tesco. Obecnie w naszym obiekcie tworzone jest OPOLSKIE CENTRUM HANDLOWO &#8211; US\u0141UGOWE\u00a0B\u0119dzie to pierwsze i [&hellip;]<\/p>\n","protected":false},"author":1,"featured_media":0,"parent":0,"menu_order":0,"comment_status":"closed","ping_status":"closed","template":"","meta":{"footnotes":""},"class_list":["post-29","page","type-page","status-publish","hentry","post"],"_links":{"self":[{"href":"http:\/\/mawex.pl\/index.php\/wp-json\/wp\/v2\/pages\/29","targetHints":{"allow":["GET"]}}],"collection":[{"href":"http:\/\/mawex.pl\/index.php\/wp-json\/wp\/v2\/pages"}],"about":[{"href":"http:\/\/mawex.pl\/index.php\/wp-json\/wp\/v2\/types\/page"}],"author":[{"embeddable":true,"href":"http:\/\/mawex.pl\/index.php\/wp-json\/wp\/v2\/users\/1"}],"replies":[{"embeddable":true,"href":"http:\/\/mawex.pl\/index.php\/wp-json\/wp\/v2\/comments?post=29"}],"version-history":[{"count":10,"href":"http:\/\/mawex.pl\/index.php\/wp-json\/wp\/v2\/pages\/29\/revisions"}],"predecessor-version":[{"id":115,"href":"http:\/\/mawex.pl\/index.php\/wp-json\/wp\/v2\/pages\/29\/revisions\/115"}],"wp:attachment":[{"href":"http:\/\/mawex.pl\/index.php\/wp-json\/wp\/v2\/media?parent=29"}],"curies":[{"name":"wp","href":"https:\/\/api.w.org\/{rel}","templated":true}]}}